rs of 46537.
173, 269
What are the prime factors of 15675280?
2, 5, 53, 3697
What are the prime factors of 1672751?
1672751
List the prime factors of 601217.
19, 31643
What are the prime factors of 6469374?
2, 3, 479, 2251
What are the prime factors of 7113188?
2, 547, 3251
List the prime factors of 184113.
3, 2273
What are the prime factors of 12020727?
3, 863, 4643
What are the prime factors of 526786?
2, 13, 20261
What are the prime factors of 16476631?
16476631
List the prime factors of 1917019.
13, 239, 617
List the prime factors of 493570.
2, 5, 7, 11, 641
What are the prime factors of 669936?
2, 3, 17, 821
List the prime factors of 3358411.
7, 68539
What are the prime factors of 1932894?
2, 3, 73, 1471
List the prime factors of 26218500.
2, 3, 5, 7, 11, 227
List the prime factors of 2172522.
2, 3, 11, 32917
List the prime factors of 1389587.
1389587
List the prime factors of 4395663.
3, 488407
What are the prime factors of 1453822?
2, 726911
What are the prime factors of 11863206?
2, 3, 219689
List the prime factors of 13400948.
2, 11, 151, 2017
List the prime factors of 104577.
3, 11, 3169
List the prime factors of 1714760.
2, 5, 163, 263
What are the prime factors of 11375814?
2, 3, 53, 83, 431
List the prime factors of 8423702.
2, 7, 383, 1571
What are the prime factors of 738739?
19, 59, 659
What are the prime factors of 28860764?
2, 17, 424423
What are the prime factors of 19912989?
3, 317, 20939
List the prime factors of 1134474.
2, 3, 11, 17189
List the prime factors of 280398.
2, 3, 17, 2749
What are the prime factors of 8471118?
2, 3, 173, 8161
List the prime factors of 1434961.
11, 73, 1787
List the prime factors of 3965773.
7, 566539
List the prime factors of 2417752.
2, 31, 9749
List the prime factors of 2555975.
5, 19, 5381
List the prime factors of 1160899.
29, 40031
List the prime factors of 17735744.
2, 13, 21317
List the prime factors of 5055612.
2, 3, 601, 701
What are the prime factors of 51261?
3, 7, 2441
List the prime factors of 2156365.
5, 17, 23, 1103
List the prime factors of 1226789.
1226789
What are the prime factors of 69505?
5, 13901
List the prime factors of 4949457.
3, 1649819
What are the prime factors of 7057841?
7, 1008263
What are the prime factors of 43175?
5, 11, 157
What are the prime factors of 1399565?
5, 279913
List the prime factors of 347548.
2, 17, 19, 269
List the prime factors of 1780886.
2, 17, 52379
What are the prime factors of 272054?
2, 136027
List the prime factors of 361502.
2, 180751
What are the prime factors of 530853?
3, 176951
List the prime factors of 954650.
2, 5, 61, 313
What are the prime factors of 14363869?
13, 1104913
List the prime factors of 10571526.
2, 3, 7, 27967
List the prime factors of 6346007.
271, 23417
What are the prime factors of 263953?
263953
List the prime factors of 1622691.
3, 7, 43, 599
What are the prime factors of 711607?
13, 19, 43, 67
List the prime factors of 1773222.
2, 3, 11, 67, 401
What are the prime factors of 114603?
3, 38201
List the prime factors of 378206.
2, 127, 1489
List the prime factors of 843036.
2, 3, 163, 431
What are the prime factors of 327087?
3, 36343
List the prime factors of 213980.
2, 5, 13, 823
What are the prime factors of 592283?
587, 1009
What are the prime factors of 4016046?
2, 3, 17, 39373
List the prime factors of 556398.
2, 3, 30911
List the prime factors of 1675321.
1675321
What are the prime factors of 478054?
2, 239027
List the prime factors of 2166819.
3, 722273
List the prime factors of 15735105.
3, 5, 23, 661
List the prime factors of 566224.
2, 43, 823
List the prime factors of 8438855.
5, 29, 58199
List the prime factors of 312044.
2, 181, 431
List the prime factors of 244901.
244901
List the prime factors of 309889.
431, 719
List the prime factors of 1990198.
2, 7, 142157
List the prime factors of 69079.
37, 1867
List the prime factors of 10189044.
2, 3, 94343
List the prime factors of 905550.
2, 3, 5, 6037
List the prime factors of 8069976.
2, 3, 37361
What are the prime factors of 161467?
61, 2647
List the prime factors of 24770024.
2, 3096253
List the prime factors of 42436.
2, 103
List the prime factors of 8089683.
3, 7, 385223
List the prime factors of 3032699.
31, 97829
What are the prime factors of 2309962?
2, 233, 4957
What are the prime factors of 214613?
7, 23, 31, 43
List the prime factors of 814153.
31, 26263
List the prime factors of 632130.
2, 3, 5, 19, 1109
List the prime factors of 3739604.
2, 11, 84991
List the prime factors of 38835.
3, 5, 863
What are the prime factors of 1697505?
3, 5, 113167
List the prime factors of 4297408.
2, 83, 809
List the prime factors of 12321.
3, 37
What are the prime factors of 4748956?
2, 1187239
What are the prime factors of 1307345?
5, 13, 20113
What are the prime factors of 9682321?
11, 880211
List the prime factors of 820043.
7, 31, 3779
What are the prime factors of 21643?
23, 941
What are the prime factors of 77274?
2, 3, 53
List the prime factors of 2815533.
3, 7, 14897
List the prime factors of 2051992.
2, 256499
What are the prime factors of 7662914?
2, 7, 78193
What are the prime factors of 8114231?
157, 51683
List the prime factors of 60331.
60331
List the prime factors of 1767092.
2, 307, 1439
List the prime factors of 967212.
2, 3, 67, 401
List the prime factors of 885847.
139, 6373
List the prime factors of 21329.
7, 11, 277
What are the prime factors of 539065?
5, 131, 823
What are the prime factors of 7486985?
5, 11, 197, 691
List the prime factors of 347241.
3, 283, 409
What are the prime factors of 267041?
97, 2753
What are the prime factors of 90866?
2, 45433
List the prime factors of 1840653.
3, 204517
List the prime factors of 331340.
2, 5, 16567
List the prime factors of 3446638.
2, 13, 19, 6977
List the prime factors of 217138.
2, 151, 719
List the prime factors of 4030862.
2, 11, 53, 3457
List the prime factors of 82242.
2, 3, 1523
List the prime factors of 3559981.
1319, 2699
List the prime factors of 3504717.
3, 23, 16931
List the prime factors of 456462.
2, 3, 79, 107
List the prime factors of 9557301.
3, 13, 269, 911
List the prime factors of 303583.
7, 31, 1399
What are the prime factors of 771650?
2, 5, 11, 23, 61
What are the prime factors of 192208?
2, 41, 293
What are the prime factors of 1797587?
11, 163417
List the prime factors of 26589848.
2, 3323731
List the prime factors of 4826600.
2, 5, 24133
What are the prime factors of 1486492?
2, 7, 53089
List the prime factors of 1373900.
2, 5, 11, 1249
List the prime factors of 200167.
11, 31, 587
List the prime factors of 614591.
67, 9173
What are the prime factors of 260783?
71, 3673
What are the prime factors of 3335178?
2, 3, 7, 11, 7219
List the prime factors of 302029.
7, 13, 3319
What are the prime factors of 4528282?
2, 11, 37, 5563
List the prime factors of 2326478.
2, 7, 11, 15107
List the prime factors of 31254191.
31254191
List the prime factors of 3323.
3323
What are the prime factors of 21274?
2, 11, 967
What are the prime factors of 5246009?
5246009
What are the prime factors of 11507821?
13, 885217
List the prime factors of 17953299.
3, 7, 13, 7307
What are the prime factors of 9737059?
389, 25031
What are the prime factors of 10785194?
2, 7, 167, 659
List the prime factors of 5420.
2, 5, 271
List the prime factors of 426924.
2, 3, 59, 67
List the prime factors of 124911.
3, 13879
List the prime factors of 1294479.
3, 143831
List the prime factors of 84426.
2, 3, 14071
List the prime factors of 5015277.
3, 20639
List the prime factors of 216835.
5, 17, 2551
What are the prime factors of 2373957?
3, 37, 7129
What are the prime factors of 454210?
2, 5, 53, 857
List the prime factors of 3509225.
5, 17, 23, 359
What are the prime factors of 72333?
3, 19, 47
List the prime factors of 1385344.
2, 79, 137
What are the prime factors of 42688?
2, 23, 29
List the prime factors of 1820789.
19, 61, 1571
List the prime factors of 294340.
2, 5, 14717
List the prime factors of 1141446.
2, 3, 103, 1847
List the prime factors of 23771459.
23771459
What are the prime factors of 377462?
2, 79, 2389
What are the prime factors of 560926?
2, 280463
List the prime factors of 169827.
3, 7, 8087
What are the prime factors of 118385?
5, 23677
List the prime factors of 1290924.
2, 3, 11